 Suppose 0 = -4*q + 3*s + 689, 5*s - 457 - 208 = -4*q. Let i = q + -79. What is the greatest common divisor of y and i?
13
Let v(d) = -d**3 + 12*d**2 - 10*d + 5. Let n be v(11). Calculate the highest common factor of n and 48.
16
Suppose -2*p + 12 + 32 = 0. Let t be (204/16)/(6/128). Suppose 4*n - 8*n + 2*g + t = 0, 5*n - 4*g = 346. What is the greatest common factor of n and p?
22
Suppose -6*j = 27*j - 17787. What is the highest common divisor of j and 98?
49
Suppose -19*v + 1015 = 10*v. Calculate the greatest common factor of 14 and v.
7
Let b(d) = d**2 - 30*d + 219. Let p be b(9). What is the highest common divisor of 180 and p?
30
Suppose 3*d = -3*k + 903, k = -2*d + 4*d - 587. Calculate the highest common divisor of 24 and d.
8
Let w(p) = -21*p - 133. Let l be w(-11). Suppose u = -8*a + 3*a + 74, -5*a - 2*u + 78 = 0. Calculate the greatest common factor of a and l.
14
Let g(u) = -3*u - 13. Let t(w) = -14*w - 66. Let m(p) = 22*g(p) - 4*t(p). Let h be m(-3). Calculate the highest common divisor of 16 and h.
8
Let m(b) = -b**3 - 35*b**2 - 44*b - 140. Let z be m(-34). Calculate the highest common factor of 24 and z.
8
Suppose -4*r + 4 = -4*o, 2*o + 5*r = -2*o + 5. Suppose -d - 2 + 62 = o. What is the highest common divisor of 40 and d?
20
Suppose -8*y + 219 = -37. Calculate the highest common factor of 64 and y.
32
Let b(s) = -2*s**2 + 95*s + 104. Let q be b(41). What is the highest common divisor of 26 and q?
13
Let y be (3/(-9))/((-8)/4560). Calculate the highest common factor of 76 and y.
38
Let n(v) = v**3 + 6*v**2 - 10*v + 2. Let j be n(-8). Let u = j + 56. What is the greatest common divisor of 40 and u?
10
Suppose 4*c - 489 = -3*d, 0 = -4*d + 5*c + 349 + 272. What is the highest common factor of 265 and d?
53
Suppose -8*k - 131 = -2339. What is the greatest common factor of k and 24?
12
Let z be (-4)/22 - (-303)/33. Let t = z + -2. Calculate the greatest common factor of t and 7.
7
Suppose 0 = -112*s - 11684 + 34420. Calculate the highest common factor of s and 7.
7
Let i be 2 - -6*4/(5 - -3). Suppose -4*x = -0*z + 4*z - 188, -4*z = i*x - 234. Calculate the greatest common factor of 23 and x.
23
Let j be (60 - 59)*(-66)/((-3)/1). Calculate the greatest common factor of j and 869.
11
Let a(q) = -3*q**2 + 80*q + 28. Let h be a(21). What is the highest common divisor of h and 110?
55
Suppose 2 = 9*y + 11. Let t(w) = 61*w**2 + 2*w + 1. Let q be t(y). What is the highest common divisor of 150 and q?
30
Suppose -5*k + 4*m - 2*m + 325 = 0, 0 = -5*m - 25. Suppose y - 4*i - 10 = 0, -i = 2*y - 36 - 2. Calculate the greatest common factor of y and k.
9
Suppose 2 - 8 = 2*l, 4*s - 657 = -5*l. Suppose 8*f + 6 + 2 = 0. Let u be 1 + -1 + (-21)/f. Calculate the greatest common factor of s and u.
21
Let y(d) = d**2 + 4*d - 3. Let n = 18 + -24. Let q be y(n). What is the highest common divisor of q and 81?
9
Suppose 0 = m - 6 - 17. What is the highest common divisor of 115 and m?
23
Let g(b) = -b**3 + 8*b**2 + 2*b + 1. Let f be g(7). Suppose 293 = -14*x + 405. What is the greatest common divisor of f and x?
8
Suppose -43 = -3*x - q, -x + 18 - 1 = q. What is the greatest common factor of x and 91?
13
Let t = -261 - -294. Suppose -42 = 2*n - f, 2*f - 5*f = 2*n + 58. Let p be -2 - (-4 - -3) - n. What is the highest common factor of t and p?
11
Let h(q) = 8*q - 5. Let k be h(4). Suppose -33*n - 360 = -29*n. Let b = 108 + n. Calculate the highest common factor of k and b.
9
Suppose -4*y + 124 - 112 = 0. Suppose 101 = y*d - 193. Calculate the greatest common factor of 14 and d.
14
Suppose m - 6*m + 490 = 0. Let d = m + -33. Let g = 95 - d. What is the greatest common divisor of 45 and g?
15
Suppose 3*f - g - 216 = 161, 3*f + 3*g = 393. Let o = 6 + -2. Suppose f = o*j + 43. Calculate the highest common factor of j and 42.
21
Suppose 3*m = -0*m + 138. Suppose -6*o + 2*c + 121 = -5*o, -12 = 4*c. What is the highest common divisor of o and m?
23
Let l(s) = s + 100. Let t be l(0). Let n(h) = -h**3 + 9*h**2 - 17*h + 5. Let j be n(5). What is the highest common divisor of j and t?
20
Suppose 215 + 205 = 15*p. What is the greatest common divisor of 182 and p?
14
Let r(a) = -a - 3. Let m be r(3). Let z = m - -8. Let y = z + 118. Calculate the greatest common factor of 48 and y.
24
Suppose -4*g = 3*h - 74, -65*h + 64*h + g = -27. Calculate the highest common factor of h and 247.
13
Let w be (-1 + 14/28)*(-57 - 1). Calculate the highest common factor of 203 and w.
29
Let g(z) = z**3 - 36*z**2 + 143*z - 10. Let u be g(32). Calculate the highest common factor of 40 and u.
10
Let o(y) = -y**3 + 10*y**2 - 18*y - 10. Let q be o(6). What is the greatest common divisor of q and 182?
26
Let h(k) = -4*k**2 + 16*k + 455. Let a(y) = y**2 - 5*y - 152. Let u(j) = -7*a(j) - 2*h(j). Let m be u(0). What is the greatest common divisor of 14 and m?
14
Let s be ((-50)/4 + 0)*(35 + -49). Calculate the highest common factor of s and 35.
35
Let a = -17 + 31. Let p be (16/a)/(2/7). Suppose 2 = 6*m - p*m. Calculate the greatest common divisor of m and 8.
1
Let z(x) = -2*x**3 + 46*x**2 - 44*x + 27. Let q be z(22). What is the highest common divisor of 63 and q?
9
Let o(s) = s**3 - 34*s**2 + 67*s + 3. Let h be o(32). Calculate the highest common divisor of h and 55.
11
Suppose -87*l + 92*l - 215 = 0. What is the greatest common divisor of 43 and l?
43
Suppose 0 = -8*w + 26*w - 378. Suppose 2*n + 189 = 3*n. What is the greatest common factor of n and w?
21
Suppose 4*p = 3*g + 1021, 0 = -2*p + 4*g + 280 + 218. What is the highest common divisor of 7 and p?
7
Suppose -4*m + 6*m = -776. Let d = -243 - m. Calculate the highest common divisor of d and 58.
29
Let r be ((-3232)/16)/(1*-1*2). Let o be r/5 + 4/(-20)*1. What is the highest common divisor of o and 8?
4
Suppose -4*v - 4*z = -312, 3*v + 7*z - 2*z = 234. Suppose -2*k - k + v = 0. What is the highest common divisor of k and 52?
26
Let f(m) = 12*m**2 + 9*m + 13. Let l be f(-6). Calculate the greatest common divisor of l and 17.
17
Let b be 18/8 - (-15)/(-60). Suppose -3*z + 230 = 5*j + b*z, 0 = 2*j + z - 96. Calculate the greatest common factor of j and 20.
10
Let k = 457 + -444. Calculate the greatest common factor of 221 and k.
13
Let m(a) = -4 - 1 + 2 + 80*a + 4. Let z be m(1). Suppose 271 + z = 4*l. What is the highest common factor of l and 11?
11
Let m be ((-3)/(-5) + 0)*5. Let j be 15/(-2)*(m + -13). Let g(w) = w**3 + 4*w + 25. Let n be g(0). What is the greatest common divisor of j and n?
25
Suppose -5*q + p + 246 = -1562, q - 346 = -5*p. What is the greatest common factor of 57 and q?
19
Suppose 2*y - p - 226 = 0, 2*p - 4*p - 567 = -5*y. What is the greatest common divisor of 3680 and y?
115
Let n = 8 - 10. Let y be 7/(4*n/(-8)). Let x be ((-2)/4)/(y/(-154)). What is the greatest common divisor of x and 121?
11
Suppose -3*q + 4*l + 8 = -6*q, -5*q + 30 = -2*l. What is the greatest common factor of 26 and q?
2
Suppose 2*v - 4 = -0*v. Suppose -s = 4*g - 80, -g = -v*g + s + 20. What is the highest common divisor of g and 140?
20
Let m(n) = 15*n. Let r be m(8). Suppose -4*w + 100 = 9*x - 13*x, -4*w - 3*x = -93. What is the greatest common factor of w and r?
24
Suppose -63*s = -66*s - 24. Let b be 0 + (-34)/s + (-5)/20. What is the greatest common factor of 28 and b?
4
Let z = -22 - -30. Let j be (7/14)/(2/140). Suppose 3*d - z*d = -j. Calculate the greatest common factor of 21 and d.
7
Let y be 549/63 - (-4)/14. Suppose -12*h = -y*h - 9. Let f = h - -6. What is the greatest common factor of f and 63?
9
Let r = 34 - -61. What is the highest common factor of r and 38?
19
Let k(w) = w**2 - 7*w + 12. Let u be 1 + -3 + 2 - -2. Suppose 9 = m - u. Let y be k(m). What is the greatest common divisor of 7 and y?
7
Suppose -3*c + 15 = 0, -3*c - 170 = -5*i - 0*c. Let g be 1/(-3)*(1 - i). What is the greatest common factor of g and 60?
12
Suppose 5*g - k - 13 + 0 = 0, 2*k = -4*g + 16. Suppose 2*c - 11 = 4*s + 33, -c - 3*s = -27. What is the highest common factor of c and g?
3
Let s = -34 - -48. What is the highest common divisor of s and 224?
14
Let f(w) = 7*w + 16. Let d be f(-2). Suppose -q = -d*y + 133, -2*y = 2*q - 5*q - 127. Calculate the highest common factor of y and 102.
34
Suppose -c = 60 - 63. Suppose c*l - 5*l + 3 = r, 3*r - 17 = 2*l. Calc